{"id":270,"date":"2017-02-12T20:51:47","date_gmt":"2017-02-12T19:51:47","guid":{"rendered":"http:\/\/66sgp.net\/wordpress\/?page_id=270"},"modified":"2017-10-15T20:05:01","modified_gmt":"2017-10-15T18:05:01","slug":"liens","status":"publish","type":"page","link":"http:\/\/66sgp.net\/wordpress\/a-propos\/liens\/","title":{"rendered":"Liens"},"content":{"rendered":"<div class=\"entry\">\n<h2 class=\"txtTitreGeneral\">Scouts &amp; Guides Pluralistes de Belgique asbl<\/h2>\n<p class=\"txtCourantNoir\">38 Avenue de la Porte de Hal &#8211; 1060 Bruxelles<br \/>\nT\u00e9l : 02\/539 23 19 &#8211; Fax : 02\/539 26 05<br \/>\n<a href=\"http:\/\/www.sgp.be\/\" target=\"_blank\">www.sgp.be<\/a><\/p>\n<h2 class=\"txtTitreGeneral\">Centre Historique Belge du Scoutisme<\/h2>\n<p class=\"txtCourantNoir\"><a href=\"http:\/\/www.chbs.be\/\" target=\"_blank\">www.chbs.be<br \/>\n<\/a><strong>Attention<\/strong>, depuis le 1er mai 2010, ouvert le mercredi de 15h00 \u00e0 20h00, toujours \u00e0 la m\u00eame adresse :<br \/>\nMetro Roodebeek &#8211; Avenue Paul Hymans, 1200 Bruxelles (Woluw\u00e9 Saint Lambert)<br \/>\ne-mail : <a href=\"mailto:info@chbs.be%20\">info@chbs.be<\/a><\/p>\n<h2 class=\"txtTitreGeneral\">Magascout<\/h2>\n<p class=\"txtCourantNoir\">Pour tout ce qui concerne la tenue scoute SGP : chemise officielle, autres pi\u00e8ces d&rsquo;uniforme ou insignes,&#8230;<br \/>\nPour obtenir\u00a0nos outils d&rsquo;animation : livret pour les jeunes, fiches techniques, dossiers pour animateurs, chansonniers,&#8230;<br \/>\nS&rsquo;adresser au\u00a0\u00a0MAGASCOUT :av. de la Porte de Hal 38-39 \u00e0 1060 Bruxelles (pr\u00e8s de la gare du Midi)<br \/>\nT\u00e9l. : 02\/5392319 &#8211; fax : 02\/5392605\u00a0Ouvert du lundi au vendredi de 9h30 \u00e0 17h00.<br \/>\nAttention: P\u00e9riode JUILLET\/AOUT : Ouvert du lundi au vendredi de 9h30 \u00e0 16h30.<br \/>\nFerm\u00e9 le vendredi 22\/07<br \/>\n<a href=\"mailto:magascout@sgp.be?subject=contact%20via%20site%2066e%20unit%8E\">magascout@sgp.be<\/a><\/p>\n<h2 class=\"txtTitreGeneral\">La boite \u00e0 outil de l&rsquo;animateur scout<\/h2>\n<p class=\"txtCourantNoir\"><a href=\"http:\/\/www.tabou.be\/\" target=\"_blank\">www.tabou.be<\/a><\/p>\n<h2 class=\"txtTitreGeneral\">111e de Bruxelles Sud<\/h2>\n<p class=\"txtCourantNoir\"><a href=\"http:\/\/www.honneur.be\/\" target=\"_blank\">www.honneur.be<\/a><\/p>\n<h2 class=\"txtTitreGeneral\">172e Woluw\u00e9-St-Lambert<\/h2>\n<p class=\"txtCourantNoir\"><a href=\"http:\/\/www.sgp172.be\/\" target=\"_blank\">www.sgp172.be<\/a><\/p>\n<h2 class=\"txtTitreGeneral\">25e Ganshoren<\/h2>\n<p class=\"txtCourantNoir\"><a href=\"http:\/\/www.scout25.be\/\" target=\"_blank\">www.scout25.be<\/a><\/p>\n<h2 class=\"txtTitreGeneral\">79e Laeken<\/h2>\n<p class=\"txtCourantNoir\"><a href=\"http:\/\/www.sgp79eme.be.tf\/\" target=\"_blank\">www.sgp79eme.be.tf<\/a><\/p>\n<h2 class=\"txtTitreGeneral\">195e Berchem-Ste-Agathe<\/h2>\n<p class=\"txtCourantNoir\"><a href=\"http:\/\/sgp195.jexiste.be\/\" target=\"_blank\">sgp195.jexiste.be<\/a><\/p>\n<h2 class=\"txtTitreGeneral\">243e Neder-Over-Hembeek<\/h2>\n<p class=\"txtCourantNoir\"><a href=\"http:\/\/243sgp.ibelgique.com\/\" target=\"_blank\">243sgp.ibelgique.com<\/a><\/p>\n<h2 class=\"txtTitreGeneral\">25e Port de Bruxelles<\/h2>\n<p class=\"txtCourantNoir\"><a href=\"http:\/\/www.ssb25.be.tf\/\" target=\"_blank\">www.ssb25.be.tf<\/a><\/p>\n<h2 class=\"txtTitreGeneral\">21e Lasne<\/h2>\n<p class=\"txtCourantNoir\"><a href=\"http:\/\/www.21sgp.be\/\" target=\"_blank\">www.21sgp.be<\/a><\/p>\n<h2 class=\"txtTitreGeneral\">256e Rixensart<\/h2>\n<p class=\"txtCourantNoir\"><a href=\"http:\/\/www.mindnew.com\/256sgp\" target=\"_blank\">www.mindnew.com\/256sgp<\/a><\/p>\n<h2 class=\"txtTitreGeneral\">291e Louvain-la-Neuve<\/h2>\n<p class=\"txtCourantNoir\"><a href=\"http:\/\/membres.lycos.fr\/sgp291\/\" target=\"_blank\">membres.lycos.fr\/sgp291<\/a><\/p>\n<h2 class=\"txtTitreGeneral\">292e Braine l&rsquo;Alleud<\/h2>\n<p class=\"txtCourantNoir\"><a href=\"http:\/\/www.292.be\/\" target=\"_blank\">www.292.be<\/a><\/p>\n<h2 class=\"txtTitreGeneral\">296e Waterloo<\/h2>\n<p class=\"txtCourantNoir\"><a href=\"http:\/\/www.s296sgp.be.tf\/\" target=\"_blank\">www.s296sgp.be.tf<\/a><\/p>\n<h2 class=\"txtTitreGeneral\">R\u00e9gion Collines<\/h2>\n<p class=\"txtCourantNoir\"><a href=\"http:\/\/www.sgp-collines.be\/\" target=\"_blank\">www.sgp-collines.be<\/a><\/p>\n<p class=\"txtCourantNoir\">Pour d&rsquo;autres unit\u00e9s partout en Belgique, voir le site SGP, rubrique \u00ab\u00a0O\u00f9 nous trouver\u00a0\u00bb.<\/p>\n<p class=\"txtCourantNoir\">Si vous souhaitez apparaitre dans notre page liens, merci d&rsquo;envoyer un courriel \u00e0<strong> webmaster@66sgp.net.<\/strong><\/p>\n<\/div>\n","protected":false},"excerpt":{"rendered":"<p>Scouts &amp; Guides Pluralistes de Belgique asbl 38 Avenue de la Porte de Hal &#8211; 1060 Bruxelles T\u00e9l : 02\/539 23 19 &#8211; Fax : 02\/539 26 05 www.sgp.be Centre Historique Belge du Scoutisme www.chbs.be Attention, depuis le 1er mai 2010, ouvert le mercredi de 15h00 \u00e0 20h00, toujours \u00e0 la m\u00eame adresse : Metro &#8230;<\/p>\n","protected":false},"author":1,"featured_media":0,"parent":33,"menu_order":5,"comment_status":"closed","ping_status":"closed","template":"","meta":{"_monsterinsights_skip_tracking":false,"_monsterinsights_sitenote_active":false,"_monsterinsights_sitenote_note":"","_monsterinsights_sitenote_category":0},"_links":{"self":[{"href":"http:\/\/66sgp.net\/wordpress\/wp-json\/wp\/v2\/pages\/270"}],"collection":[{"href":"http:\/\/66sgp.net\/wordpress\/wp-json\/wp\/v2\/pages"}],"about":[{"href":"http:\/\/66sgp.net\/wordpress\/wp-json\/wp\/v2\/types\/page"}],"author":[{"embeddable":true,"href":"http:\/\/66sgp.net\/wordpress\/wp-json\/wp\/v2\/users\/1"}],"replies":[{"embeddable":true,"href":"http:\/\/66sgp.net\/wordpress\/wp-json\/wp\/v2\/comments?post=270"}],"version-history":[{"count":2,"href":"http:\/\/66sgp.net\/wordpress\/wp-json\/wp\/v2\/pages\/270\/revisions"}],"predecessor-version":[{"id":272,"href":"http:\/\/66sgp.net\/wordpress\/wp-json\/wp\/v2\/pages\/270\/revisions\/272"}],"up":[{"embeddable":true,"href":"http:\/\/66sgp.net\/wordpress\/wp-json\/wp\/v2\/pages\/33"}],"wp:attachment":[{"href":"http:\/\/66sgp.net\/wordpress\/wp-json\/wp\/v2\/media?parent=270"}],"curies":[{"name":"wp","href":"https:\/\/api.w.org\/{rel}","templated":true}]}}